{"id":49,"date":"2019-02-26T17:06:32","date_gmt":"2019-02-26T16:06:32","guid":{"rendered":"http:\/\/freshairaircleaner.de\/?page_id=49"},"modified":"2021-07-14T13:33:00","modified_gmt":"2021-07-14T11:33:00","slug":"funktionsweise","status":"publish","type":"page","link":"https:\/\/freshairaircleaner.de\/index.php\/funktionsweise\/","title":{"rendered":"Funktionsweise"},"content":{"rendered":"\n<p class=\"has-medium-font-size\"><strong>Funktionsweise<\/strong><\/p>\n\n\n\n<p><span class=\"has-inline-color has-black-color\">Beim UV-C-\/Ozon-Umluftreinigungsverfahren str\u00f6mt die Raumluft \u00fcber UV-C-Licht produzierende Spezialr\u00f6hren. Deren Strahlung wandelt einen Teil des nat\u00fcrlichen Sauerstoffs in Ozon um, das sich mit den in der Luft enthaltenen Keimen und Geruchsverursachern verbindet: <strong>Organische Substanzen werden oxidiert<\/strong>. Auf diese Weise werden nicht nur die Raumluft, sondern auch Oberfl\u00e4chen entkeimt.&nbsp;Die hierbei entstehende Ozonmenge liegt noch unterhalb der nat\u00fcrlichen Ozonkonzentration und ist daher f\u00fcr Mensch und Tier unbedenklich.<\/span><br><br><\/p>\n\n\n\n<p><\/p>\n\n\n\n<p><\/p>\n\n\n\n<p class=\"has-medium-font-size\"><strong>Technische Daten<\/strong><\/p>\n\n\n\n<div class=\"wp-block-columns\">\n<div class=\"wp-block-column\" style=\"flex-basis:100%\">\n<div class=\"wp-block-columns\">\n<div class=\"wp-block-column\" style=\"flex-basis:100%\">\n<div class=\"wp-block-columns\">\n<div class=\"wp-block-column\" style=\"flex-basis:100%\">\n<ul><li><span class=\"has-inline-color has-black-color\">Empfohlene Raumgr\u00f6\u00dfe: 15 \u2013 60 m<sup>3<\/sup><\/span><\/li><li><span class=\"has-inline-color has-black-color\">UV-C Spezialr\u00f6hre: 1 x 8 Watt<\/span><\/li><li><span class=\"has-inline-color has-black-color\">Ozonaussto\u00df unterhalb von: 17,5 mg\/h<\/span><\/li><li><span class=\"has-inline-color has-black-color\">Lebensdauer der R\u00f6hren: 10.000 Stunden<\/span><\/li><li><span class=\"has-inline-color has-black-color\">Netzanschluss: 230 Volt (auch mit 12- und 24-Volt-Anschl\u00fcssen erh\u00e4ltlich)<\/span><\/li><li><span class=\"has-inline-color has-black-color\">Stromverbrauch: 25 Watt<\/span><\/li><li><span class=\"has-inline-color has-black-color\">Gr\u00f6\u00dfe (L\u00e4nge x Durchmesser): 380 x 130 mm<\/span><\/li><li><span class=\"has-inline-color has-black-color\">Geh\u00e4use: Edelstahl<\/span><\/li><\/ul>\n<\/div>\n<\/div>\n<\/div>\n<\/div>\n<\/div>\n<\/div>\n\n\n\n<p><\/p>\n","protected":false},"excerpt":{"rendered":"<p>Funktionsweise Beim UV-C-\/Ozon-Umluftreinigungsverfahren str\u00f6mt die Raumluft \u00fcber UV-C-Licht produzierende Spezialr\u00f6hren. Deren Strahlung wandelt einen Teil des nat\u00fcrlichen Sauerstoffs in Ozon um, das sich mit den in der Luft enthaltenen Keimen und Geruchsverursachern verbindet: Organische Substanzen werden oxidiert. Auf diese Weise werden nicht nur die Raumluft, sondern auch Oberfl\u00e4chen entkeimt.&nbsp;Die hierbei entstehende Ozonmenge liegt noch unterhalb [&hellip;]<\/p>\n","protected":false},"author":1,"featured_media":0,"parent":0,"menu_order":0,"comment_status":"closed","ping_status":"closed","template":"","meta":[],"_links":{"self":[{"href":"https:\/\/freshairaircleaner.de\/index.php\/wp-json\/wp\/v2\/pages\/49"}],"collection":[{"href":"https:\/\/freshairaircleaner.de\/index.php\/wp-json\/wp\/v2\/pages"}],"about":[{"href":"https:\/\/freshairaircleaner.de\/index.php\/wp-json\/wp\/v2\/types\/page"}],"author":[{"embeddable":true,"href":"https:\/\/freshairaircleaner.de\/index.php\/wp-json\/wp\/v2\/users\/1"}],"replies":[{"embeddable":true,"href":"https:\/\/freshairaircleaner.de\/index.php\/wp-json\/wp\/v2\/comments?post=49"}],"version-history":[{"count":29,"href":"https:\/\/freshairaircleaner.de\/index.php\/wp-json\/wp\/v2\/pages\/49\/revisions"}],"predecessor-version":[{"id":616,"href":"https:\/\/freshairaircleaner.de\/index.php\/wp-json\/wp\/v2\/pages\/49\/revisions\/616"}],"wp:attachment":[{"href":"https:\/\/freshairaircleaner.de\/index.php\/wp-json\/wp\/v2\/media?parent=49"}],"curies":[{"name":"wp","href":"https:\/\/api.w.org\/{rel}","templated":true}]}}